-7 - (-333 + -3). What is the units digit of z/9 + 32/24?
8
Suppose -28*i - 36 = -10*i. What is the tens digit of (i - (-201)/(-2))*-2?
0
Let h(x) = -8*x + 28. Suppose 0 = 18*o - 13*o. Let y be h(o). Let i = y + -21. What is the units digit of i?
7
Suppose -2*q + 3856 = -4*s, 0 = -q - 18 + 22. Let z = 598 - s. What is the units digit of z?
0
Suppose 4*x + 281 = 5*q - 17596, 5*x = -3*q - 22337. Let w = 6375 + x. What is the tens digit of w?
0
Suppose -13560 = -7*m - 15*m + 14974. What is the thousands digit of m?
1
Let c(r) = 5*r**2 - 5*r - 9. Let u be c(-3). Let t = -53 + u. What is the tens digit of (159*5/((-30)/4))/t?
5
Let f(a) = -3*a**3 - a**2 - 2*a - 2. Suppose 0 = 3*z + z + 4. Let n be f(z). What is the units digit of (1 - n) + 0/(-2) + 35?
4
Let c(f) = -f**3 - 7*f**2 - 8*f - 4. Let k be c(-7). What is the tens digit of k/(21/(-12) - -2)?
0
Suppose 136865 + 588843 + 791500 = 56*z. What is the ten thousands digit of z?
2
Suppose 2*p - 5*h = -271, h + 467 = -4*p - 4*h. Let k = p + 296. Suppose -x - k = -2*x. What is the units digit of x?
3
Let d = -338 - -340. Suppose -f + d*l = -24 - 43, 2*f + 5*l = 125. What is the units digit of f?
5
Suppose 0 = -t + 30*f - 28*f - 14, 5*t - 5*f + 45 = 0. What is the units digit of ((-3)/(-4))/((-17860)/(-4464) + t)?
7
Let m = 2157 - 2232. Let p(a) = 3*a**2 + 5*a + 10. Let b be p(7). Let g = b + m. What is the units digit of g?
7
Let b(s) = -s**3 - 5*s**2 - 5*s - 1. Let a be b(-6). Let i = 1691 - 1634. Let p = i + a. What is the units digit of p?
2
Suppose 17*k - 159666 = -5*k - k. What is the hundreds digit of k?
9
Suppose 5*g = 3*x - 97495, 25*x - 21*x - g = 130033. What is the tens digit of x?
1
Let t(f) = 21*f - 39. Let l be t(13). Let x be l/(-1 + -2)*(-4)/(-6). What is the tens digit of 26/x - (-521)/2?
6
Let f = 97 - 95. What is the tens digit of f/(-4) + 1388/8 + 5?
7
Let q(t) = -t**3 + 13*t**2 - t - 8. Suppose 11*n + 23 = 133. Let a be q(n). Suppose -s = -3*l - 94, -l + a = 3*s - 3*l. What is the units digit of s?
4
Let l = -59 - -61. Let p(w) = -w**3 + 7*w**2 - 8*w - 5. Let m(x) = 5*x**3 - 28*x**2 + 32*x + 19. Let s(u) = l*m(u) + 9*p(u). What is the tens digit of s(-5)?
8
Let o(k) = 58*k - 64. Let u(m) = -118*m + 129. Let r(d) = -5*o(d) - 2*u(d). What is the tens digit of r(-12)?
1
What is the units digit of (-5 - (40 - -5))/((-8)/4212)?
5
Let v = 73847 + -49786. What is the ten thousands digit of v?
2
Let y = -20396 + 42921. What is the ten thousands digit of y?
2
Let t = 1001 + -994. What is the hundreds digit of 19620/15 + (t - 1)?
3
Let m be (3 + 3)*(-1)/(-3). Suppose 28 = m*g - 48. Suppose -3*s = -g - 10. What is the tens digit of s?
1
Let h(c) = c**3 + 13*c**2 - 9*c - 11. Let y = -9 - -11. Suppose -y*q = 10 + 16. What is the tens digit of h(q)?
0
Suppose -8 - 17 = 5*k + 5*l, 4*k = 4*l - 36. Let q = -31 - k. Let t = q + 35. What is the tens digit of t?
1
Let w be (154/7)/(-2) - -2*1. Let r(i) = 3*i + 1. Let j be r(w). Let c = j + 69. What is the tens digit of c?
4
Let v(y) = 3*y**2 + 15*y + 16. Let r(d) = 2*d - 28. Let f be r(15). Let w(i) = -5*i + 2. Let l be w(f). What is the tens digit of v(l)?
8
Let c = -1760 - -3606. Let m = -1090 + c. What is the tens digit of m?
5
Let m = 195386 + -116272. What is the units digit of m?
4
Suppose 0*c - 5 = -c. Suppose -14 = c*p + 1. What is the tens digit of p*-1*92/4?
6
Let l(c) = c**3 - c**2 - c. Let q be l(0). Suppose q = -4*j + k, -2*j = -3*j + 3*k. Suppose -y - 4 + 47 = j. What is the units digit of y?
3
Let w be 11 - (10 - 15 - -10). Let m(j) = -1 + 31 + 15*j - 3. What is the tens digit of m(w)?
1
Suppose 0*t - 3*t - 3 = -5*w, 2*w - 2*t = -2. Suppose -32 = -l - 4*i, 0 = -w*i - 3 + 15. Suppose 74 + l = n. What is the units digit of n?
0
Suppose -13*g + 54*g = 251125. What is the hundreds digit of g?
1
Let m be 4/(-6) - 3068/177. Let z(h) = -h**2 - 30*h + 29. What is the hundreds digit of z(m)?
2
Let o(b) be the third derivative of b**5/60 - 5*b**3/3 + 6*b**2 - 5*b. Let c be o(5). Let f(m) = m**2 - 12*m - 3. What is the units digit of f(c)?
2
Let o be (8 - (-294)/(-36)) + 13/6. Let f(i) = 1 + 70*i**o - 6*i + 5*i + 156*i**2. What is the hundreds digit of f(1)?
2
Let k(q) = 113*q**3 + 11*q**2 - 25*q + 13. What is the tens digit of k(4)?
2
Suppose -5*f = 2*o + 58, -4*o = 2*f - 2*o + 22. Let c be f/(-8)*12/18. What is the units digit of (272/(-5))/(c/(30/(-6)))?
2
Suppose 0 = 4*q + 2*d - 5*d - 2231, 2*d - 1686 = -3*q. Suppose 336 = 4*s - 4*g - q, -448 = -2*s - g. What is the tens digit of s?
2
Let t(g) = g**3 + 10*g**2 + 16*g + 63. Let l be t(-9). Suppose l = 125*z - 141*z + 25040. What is the units digit of z?
5
Let w = -2718 + 7054. What is the hundreds digit of w?
3
Let i(a) be the second derivative of -a**4/12 + 19*a**3/3 - a**2 - 70*a. What is the tens digit of i(12)?
1
Suppose 2*b + 125*b - 573942 - 1831184 = 0. What is the hundreds digit of b?
9
Let l be (1662/15 - 4)/(18/45). Let x = 0 + 4. Suppose x*b + l = 7*b. What is the tens digit of b?
8
Suppose 0 = 6*j - 1753 - 125. Suppose 3*d + 4*w = 2*d + j, -3*d + 922 = -5*w. What is the hundreds digit of d?
3
Let c(u) = -362*u - 1907. What is the hundreds digit of c(-18)?
6
Let f = 209 + -203. Suppose 12*u = -f*u + 5148. What is the tens digit of u?
8
Let j(r) = 33*r**2 - 85*r - 1444. What is the tens digit of j(-35)?
5
Let j(x) = 705*x**3 - x**2 - 3*x + 3. What is the hundreds digit of j(1)?
7
Let z(h) = -166*h + 728. What is the hundreds digit of z(-24)?
7
Suppose 58 = -2*v + 24. Let o = v - -14. Let u = o + 45. What is the tens digit of u?
4
Let j(k) = 8 - 9*k - k**3 + 2*k**3 - k + 8*k**2. Suppose 2*b + 14 = -4*c, 0*b - 5*b + 2*c - 47 = 0. What is the units digit of j(b)?
7
What is the tens digit of ((6 + -10)/(-4))/((-1)/(-6921))?
2
Suppose x + 12 + 41 = 0. Let m = x + 47. Let q = 92 + m. What is the units digit of q?
6
Suppose -5*v - 31 = -3*q, -4*v - 19 = -2*q - 1. Let r(b) = -5*b**2 - 18 - 54*b + 19*b + 4*b**2 + q*b. What is the units digit of r(-10)?
2
Let s(n) = 23 - 236*n + 722*n - 222*n - n**2 - 239*n. What is the units digit of s(18)?
9
Let u(c) be the third derivative of 7*c**4/24 + 401*c**3/6 - 101*c**2. What is the units digit of u(59)?
4
Suppose 11*i - 28966 = 7*i - 2*g, g = -3*i + 21725. What is the units digit of i?
2
Let w be 7/(4 - (-35)/(-10)). Let h be (-175)/w - 2/4. Let c = 20 + h. What is the units digit of c?
7
Suppose -66*l + 810834 = 68*l. What is the thousands digit of l?
6
Let t(i) = i + 16. Let j be t(-9). Let m be j/(28/(-30))*10. What is the hundreds digit of m/(3*4/(-20))?
1
Let y(x) = -2*x**3 + 18*x**2 + 23*x - 38. Let z be y(10). What is the tens digit of ((-10808)/(-7))/z*-4?
7
What is the hundreds digit of 293412/10 - (42/60)/((-140)/(-40))?
3
Let w be 690*(-2)/(-8) + 6/4. Suppose -5*d - w = -1614. Let y = d + -130. What is the hundreds digit of y?
1
Let y = 36 - 35. Suppose 3*t - 2 - y = 0. What is the tens digit of 46 + 12 - 4*t?
5
Suppose 140*k = 144*k - 10820. Suppose 9*m = 4*m + k. What is the units digit of m?
1
Let h(y) be the second derivative of y**4/6 - 49*y**3/6 + 265*y**2/2 - 62*y. What is the tens digit of h(27)?
0
Let f be 458/10 + 15/75. Suppose m - f = -5*i, -2*m + 2*i + 78 = 5*i. Suppose -s + 5*s - m = 0. What is the units digit of s?
9
Suppose 5*z + 4*s = 3011, 5*z + 6*s - 3*s - 3012 = 0. Let d = 921 - z. What is the units digit of d?
8
Let y = 11958 + 39639. What is the tens digit of y?
9
Suppose -2*m + 1050 = 4*n - 4*m, -543 = -2*n - 5*m. Suppose n = 3*o - 282. Let y = 272 - o. What is the tens digit of y?
9
Let l(x) = -x**2 - 7*x - 6. Let z be l(-3). Suppose 22*m - 5824 = -z*m. What is the hundreds digit of m?
2
Let z(s) = -569*s - 2 + 583*s + 3. Suppose 4*f - 8 - 16 = 0. What is the units digit of z(f)?
5
What is the ten thousands digit of (-119)/34 + 80673/6?
1
Let q(y) = -12*y - 3*y - 12*y + 4*y**2 + 52*y + 25 - 12*y. Let d(l) = -l**2 - l + 4. Let x be d(3). What is the tens digit of q(x)?
7
Let v be 3/(-1 + -2) + 194. Suppose -185 - v = -2*f. What is the tens digit of f?
8
Suppose -2*z - 3*r = -r - 6, -z + 3*r - 9 = 0. Suppose -4*w + 176 = p, 5*w - 5*p + z = 195. What is the units digit of w?
3
Suppose -3*d - 4*x + 17333 = -9127, -3*d = x - 26451. What is the tens digit of d?
1
Suppose 2*j = -4*t + 606, -t + 5*t - 301 = -j. Suppo